he remainder when a is divided by 6.
2
Suppose 6*d = -580 + 2182. Calculate the remainder when 561 is divided by d.
27
Suppose -99 + 96 = -a. What is the remainder when (1 - (-12)/(-9))/(a/(-99)) is divided by 6?
5
Let h(f) = f**2 + 3*f + 1. Let v be h(0). Let o = 403 - v. Calculate the remainder when o is divided by 27.
24
Let n = 6992 - 626. Calculate the remainder when n is divided by 16.
14
Let s be (3 + -4)/((-4164)/(-834) - 5). Suppose 0 = i + i - 5*f - s, -f = -4*i + 323. What is the remainder when i is divided by 2?
0
Let w = 14186 + -12417. Calculate the remainder when w is divided by 864.
41
Let g = -4251 - -4698. Let t(k) = -k**3 + 7*k**2 - k + 11. Calculate the remainder when g is divided by t(5).
55
Let j = 112 - 109. Let x be (-2 + (j - 2))*2 + 3. What is the remainder when 0/x - -29 - -4 is divided by 12?
9
Suppose 485 = -2*s - 87. Let r = 297 + s. Calculate the remainder when 29 is divided by r.
7
Let f = -28 + 17. Let r(b) = -b**3 - 11*b**2 - b - 7. Let o(t) = -t**2 + 10*t - 23. Calculate the remainder when r(f) is divided by o(6).
0
Let u(s) = 7*s - 3. Let x = 29332 - 29275. Calculate the remainder when x is divided by u(5).
25
Suppose -21*z - 44 = -233. What is the remainder when 6594 is divided by z?
6
What is the remainder when (-2 + 1)*44*-4 is divided by ((-10)/(-6)*27*9/(-9))/(-1)?
41
Calculate the remainder when 3896 is divided by (0 - (-234)/10)/(99/660).
152
Let k = 480 - 477. Suppose -k*a = -8*a + 470. What is the remainder when a is divided by 54?
40
Let n be (4 + -8)*1/(-2). Suppose 0 = n*r - 11*r + 90. Calculate the remainder when 3330/50 - (-6)/15 is divided by r.
7
Suppose 2*s = x + 75 - 40, -s = -5*x + 5. What is the remainder when 125 is divided by s?
5
Let p = -85 + 90. Suppose m = -p*m. Calculate the remainder when (m - -4*43)*(-2)/(-4) is divided by 23.
17
Let t(g) = g**2 + 97*g - 2. Calculate the remainder when t(7) is divided by 17.
12
Let t = -2425 + 2538. What is the remainder when 213 is divided by t?
100
Suppose -1877*q = -1883*q + 3096. What is the remainder when q is divided by 104?
100
Suppose -3*m = 10*m - 247. Let o = -712 - -1281. Calculate the remainder when o is divided by m.
18
Let k = 6374 + -5721. What is the remainder when k is divided by 34?
7
Let t(d) = 15*d + 79. Let i be t(8). Let k = i + -156. Calculate the remainder when k is divided by -1*((-2 - -3) + -16).
13
Let o be 28/(2 - 1)*(-4)/16. Let b(f) = -4*f + 64. What is the remainder when b(o) is divided by 26?
14
Suppose 0 = 3*p - 4*r - 155, -147 = 5*p + 4*r - 480. Calculate the remainder when 28669 is divided by p.
60
Suppose -f - 7*f = -16. Suppose -f*r - 4*b + 116 = -3*b, r - 3*b = 72. Calculate the remainder when 237 is divided by r.
57
Let c(y) = 311*y + 3175. What is the remainder when 1330 is divided by c(-10)?
30
Let o(q) = -3*q - 44 + 7*q + 38. Let a = 10 - -13. What is the remainder when o(16) is divided by a?
12
Suppose -15*b = -17*b + 5*o + 22, 0 = -b + 3*o + 9. Suppose -j = 2*j - b. What is the remainder when 44 is divided by j?
2
Suppose -5*g + 4*u - 2*u = -75, 0 = 4*g + 3*u - 37. Let h be (-9)/6*(-836)/33. Let o = h - -24. What is the remainder when o is divided by g?
10
Let m(d) = d**2. Let a be m(2). Suppose 2*l + n - 46 = 5*n, a*l = -4*n + 32. Let i = 39 - l. Calculate the remainder when i is divided by 14.
12
Let z = -8 + 25. What is the remainder when z is divided by (9/(-15) + -1)*(-54 - -49)?
1
Suppose u - 2 = -f, -3*f + 0*f = -4*u + 29. Let p be 3 + -7 + u + -1. Calculate the remainder when 89 is divided by (-326)/(-14) + (-6)/21 + p.
20
Suppose 7*z + 5*j = 2*z - 130, 2*j = -6. Let d(t) = -t**3 - 22*t**2 + 25*t + 54. Calculate the remainder when 27 is divided by d(z).
3
Suppose -4132 = -55*o + 17483. Calculate the remainder when o is divided by 167.
59
Let p = -24841 - -24918. Calculate the remainder when 3438 is divided by p.
50
Suppose 10 = -0*t + 2*t. Suppose 3*a = 44 - t. What is the remainder when a is divided by -2 + 14 + 1*-2?
3
Suppose 637 - 9415 = -22*o. Calculate the remainder when o is divided by 37.
29
Let i(c) = 2*c**3 - 19*c**2 + 56*c - 70. Calculate the remainder when 6773 is divided by i(7).
74
Suppose 4*w - 3*w = 2*n + 4, -3*n + 5*w = -8. Calculate the remainder when 217 is divided by 110/n*72/(-90).
19
Suppose 4*z - 4008 = y, 0 = 2*z - 19*y + 15*y - 2032. Calculate the remainder when z is divided by 121.
32
Suppose -59*t = -63*t - 2*y + 4932, 0 = 3*t + 5*y - 3692. What is the remainder when t is divided by 95?
94
Suppose -p + 140 = 4*u, -p + 5*u = 82 - 285. Calculate the remainder when 443 is divided by p.
107
Suppose -j - 2*s - 1 = 0, -2*j = 2*j - 2*s - 36. Let u(p) = p + 5. What is the remainder when 58 is divided by u(j)?
10
Suppose 0 = 8*l - 12*l + 248. Suppose 2*z - l = -2*j, 4 = -3*z + 5*z. Let i = -100 - -213. What is the remainder when i is divided by j?
26
Let v be 117/1 - (-2)/2. Let f = v + -44. What is the remainder when f is divided by 1/(5*(-4)/(-300))?
14
Suppose 294 = 15*z - 1026. Let x = -70 + z. What is the remainder when x is divided by 5?
3
Let o(i) = -2*i**2 - 172*i - 1080. Calculate the remainder when 5456 is divided by o(-79).
22
Let d(m) = m**2 - 6*m - 22. Let s be d(9). Suppose -s*z = -825 - 465. Suppose -w + 4 = 0, w + z = 2*c - 0*c. Calculate the remainder when c is divided by 33.
32
Suppose -78 = 3*p - 5*s, s - 59 = p + p. Let n = p + 44. Suppose -309 + 61 = -4*z. What is the remainder when z is divided by n?
10
What is the remainder when 43 is divided by 1*(0 + 13 - 1)?
7
Let p = 414 + -416. Calculate the remainder when 214 is divided by (-28)/14*(p + -25).
52
Let w be 1 - 0 - (39 + -36). What is the remainder when 140 is divided by 40 + -7 + 8 + w + -3?
32
Suppose d - 1362 + 7091 = 5*i, 3439 = 3*i - d. Calculate the remainder when i is divided by 572.
1
Let d(p) = p + 20. Suppose 5*l = y - 103, -y + 2*y = -l - 17. Let h be d(l). Suppose h = 4*n + 9*n - 221. What is the remainder when n is divided by 6?
5
Let s = 2839 + -1679. Suppose 910 + s = 10*b. What is the remainder when b is divided by 19?
17
Suppose 12*i + 9*i = -8463. Let p = 440 + i. What is the remainder when 72 is divided by p?
35
What is the remainder when (46/5 - (-16)/(-4))/(18/2340) is divided by 53?
40
Let v = 66 + -47. Let z(x) = 2*x + 70. Let r be z(-34). Suppose 3*m - 218 = q, -5*m + 0*q = -r*q - 362. What is the remainder when m is divided by v?
17
Let c = -478 + 815. Calculate the remainder when c is divided by 48.
1
Suppose 21177 + 53102 = 261*m + 3287. Suppose 4*p = 2*k - 66, -37 = -3*k - p + 34. Calculate the remainder when m is divided by k.
22
Suppose 5*n - 25 = 10. Let f be 384/84 - (-4)/(-7). Calculate the remainder when (672/(-98))/(f/(-14)) is divided by n.
3
Let h = 69 - 122. Let k = 56 + h. Calculate the remainder when 55 - ((0 - 2) + k) is divided by 29.
25
Let l(u) = -13*u + 2. Let b be l(2). Suppose 0 = -10*s - 106 - 174. Let k = b - s. Calculate the remainder when k is divided by 2.
0
Suppose -14*a + 17*a - 6 = 0. Suppose 348 = a*n + 112. Suppose 0 = 4*x - n - 22. Calculate the remainder when 138 is divided by x.
33
Let c(k) = k**2 + 78*k - 238. What is the remainder when 775 is divided by c(7)?
61
Let v(t) = 4*t**2 - 5*t - 4. Let c be v(2). Suppose -s - 284 + 13 = -5*q, -s + 107 = c*q. Calculate the remainder when 376 is divided by q.
52
Calculate the remainder when 1089 is divided by (5112/20)/3 - 28/(-35).
57
Let w(u) = u**2 - 20*u - 14. Let d be w(17). Let l = d + 115. Calculate the remainder when 196 is divided by l.
46
What is the remainder when ((-8)/18)/(13 - (-1122740)/(-86364)) is divided by 80?
78
Suppose -3613 = -4*v - f, -5*f - 2407 = 4*v - 6024. What is the remainder when v is divided by 151?
148
Suppose 353*m + 95*m - 4950 = 15658. Calculate the remainder when 1879 is divided by m.
39
Let a(t) = 19*t + 1342. What is the remainder when a(-51) is divided by 32?
21
Let v = 0 - -40. Let j(l) = -10*l**3 + l**2 + 4*l + 4. Calculate the remainder when v is divided by j(-1).
7
Suppose 2*i = -4*o + 742, -o - 3*i + 191 = -8*i. Let z(m) = -m**3 - 11*m**2 - 20*m - 1. What is the remainder when o is divided by z(-9)?
16
Suppose -15138 - 35806 = -199*b. Calculate the remainder when 1046 is divided by b.
22
Let r(h) = h**3 + 17*h**2 - 18*h + 26. Let c be r(-18). Suppose -c